. What is the tens digit of i?
1
Let h(l) = l**3 + 11*l**2 + 4*l - 5. Let z be h(-10). Suppose 2*a + 3*a = z. What is the units digit of a?
1
Let w = 53 - -52. Suppose 5*z - 2*r + 13 = 55, 0 = 3*z - r - 25. What is the units digit of w/20 + (-2)/z?
5
Let r(l) = -l - 2. Let g be r(-6). Suppose 0 = -g*q - 23 + 79. What is the units digit of q?
4
Let p(f) = -2*f**3 - 2*f**2 - 8. What is the units digit of p(-4)?
8
Suppose 26 = 4*v - 2*f, 6 - 40 = -5*v + 4*f. Suppose -z - 110 = -v*z. What is the tens digit of z?
2
Let c(u) = -u + 1. Let z be c(-5). Let k = 9 - z. Suppose -k*t = -13 - 8. What is the units digit of t?
7
What is the tens digit of 2/(2*(-1)/(-22))?
2
Let w(v) = v**3 - 6*v**2 - 2*v + 5. Let m be w(6). Suppose p - 7 = -6*y + 2*y, -3*p - y = 34. Let t = m - p. What is the units digit of t?
6
Suppose 2 = -8*h + 9*h. Suppose -5*w = -2*t - 105, -2*w + 13 = 7*t - h*t. What is the tens digit of w?
1
Suppose -3*v = -4 - 11. Suppose -4 = v*g - 89. What is the units digit of g?
7
Let d be ((-9)/12)/((-1)/4). Suppose 3*v + v - 12 = 3*w, 10 = d*v - 2*w. What is the units digit of v?
6
Let c(k) = 2*k - 8*k + 1 + 3 - 3. What is the units digit of c(-1)?
7
Let y(v) = -v**3 - 7*v**2 - v + 6. Suppose -4*i - 10 = 18. What is the units digit of y(i)?
3
Suppose 0 - 8 = 4*j. What is the units digit of j/((-2)/(-3)) - -4?
1
Suppose 9 = a + 3. What is the units digit of a?
6
Suppose 18*b - 13*b = 40. What is the units digit of b?
8
Suppose 0 = 9*k - 4*k - 585. What is the units digit of k?
7
Let w(a) = a**3 - 8*a**2 - 17. What is the tens digit of w(9)?
6
Let m be 9*(5/3 + -1). Let k(b) = 2*b + 3. What is the units digit of k(m)?
5
Let c(j) = 2*j + 12. Let g = -6 + 15. What is the units digit of c(g)?
0
Suppose 22 = 3*m - 2*y, -m + 42 = 2*m + 3*y. Suppose -2*h = 3*h - m. What is the units digit of h?
2
Let l(s) = -2*s**3 - s. Let j be l(-1). Let h(f) = 2*f + 1. Let a be h(j). Suppose 4 + 12 = 2*u + 2*y, a = u + 2*y. What is the units digit of u?
9
Let h = 34 - -65. What is the units digit of h?
9
Suppose 5*o + 2*w = 390, -2*o - 2*w = -0*w - 156. What is the units digit of o?
8
Let j(i) be the first derivative of -9*i**2/2 - 5*i - 9. What is the tens digit of j(-4)?
3
Let b(j) = -4*j - 21. Let l(o) = -2*o - 10. Let m(w) = 6*b(w) - 13*l(w). What is the tens digit of m(7)?
1
What is the units digit of (-1)/((14/(-16))/7)?
8
What is the tens digit of ((-2)/10)/((-9)/423)*5?
4
What is the units digit of (-1701)/(-15) + -2 + (-8)/(-5)?
3
What is the units digit of 231/22 - (-2)/(-4)?
0
Let c(x) = x**3 - 12*x**2 + 6*x + 4. What is the tens digit of c(12)?
7
Let r(p) = 12*p**2 - 2*p + 1. What is the tens digit of r(-2)?
5
Let c = 228 + -135. What is the tens digit of c?
9
Let b be (-2)/6 + (-8)/(-6). Let y = -3 - -5. What is the units digit of (b - 0)*(y - -4)?
6
Let w(z) = z - 13. Let i be w(9). Let a = 6 + i. Let v(p) = 3*p + 2. What is the units digit of v(a)?
8
Let h(a) = -a**2 - 1 + 3 - 10*a**3 - 1. Let g(j) = -j**3 + 4*j**2 + 12*j - 1. Let k be g(6). What is the units digit of h(k)?
0
Suppose -3*n - 2*n + 135 = -4*m, 120 = 5*n - m. What is the units digit of n?
3
Suppose t = -2*i + 25, 0*t - 4*t - 4 = 0. What is the units digit of i?
3
Suppose -q = -2*t - 11, -4*q + 27 = -2*q - 5*t. What is the units digit of q/((-14)/4 - -4)?
2
Suppose -5*q + 72 = -98. Suppose 4*a - 2*f = q, -5*a - 5*f + 20 = -0*a. What is the units digit of a?
7
Let v be (87 + 6)*(-2)/(-3). Let l(j) = j**2 - 5*j - 1. Let x be l(-4). What is the units digit of v/10 + (-7)/x?
6
Let g = 8 + -6. Let a = g + -2. Suppose a = -3*q + 10 + 8. What is the units digit of q?
6
Suppose 42 = -4*b + 5*b. Let i = b + -15. What is the units digit of i?
7
Let n = -6 + 2. Let f be (0 + 4)/((-8)/n). Suppose 8 = 4*a - j, -a + j = f*a - 7. What is the units digit of a?
1
What is the units digit of (-24)/(-36) - (-232)/3?
8
Let p(c) = -c - 3 + 1 - 3*c. Let b be ((-2)/3)/((-1)/(-3)). What is the units digit of p(b)?
6
Let s = 4 + 2. Let r = s + 25. What is the units digit of r?
1
Let l be (3 - 6/2)/2. Suppose l = 5*a + 5*z - 20, -4*a - 5*z - 4 = -5*a. What is the units digit of a?
4
Suppose -5*k + 0*a + 75 = 5*a, -4*k + 75 = -a. What is the tens digit of k?
1
Let y(l) = l**3 - 4*l**2 + 1. Let b be y(4). Let g be (6/(-9))/((-2)/(-3)). What is the units digit of g*b/(-2)*10?
5
What is the units digit of (2 - (3 - 1)) + 9?
9
Let y = -126 + 248. What is the hundreds digit of y?
1
Let x be (139 - (-3 - -5)) + 1. Suppose x = -0*a + 3*a. What is the tens digit of a?
4
What is the tens digit of 58 + -4 - (4 + 2 + -4)?
5
Suppose -z + 56 = s, -5*z + 5*s + 0*s + 240 = 0. What is the tens digit of z?
5
Let f(u) = -u + 5. Let o be f(6). Let j be o - (2 + 0 - 73). Suppose 3*c + 2*c - j = 0. What is the units digit of c?
4
Suppose 0 = 2*d - 3*d. Suppose 0 = 2*b - d*b - 32. What is the units digit of b?
6
Suppose r + 4*v + 6 = 0, 2*r = r + 2*v - 6. Let q = r + 16. What is the tens digit of q?
1
Let d(t) = t - 1. Let y be d(6). Suppose 2*v - 12 = 2*a + y*v, 5*v + 20 = 2*a. Suppose -11 = -k - a*k. What is the tens digit of k?
1
What is the units digit of 45/(-2)*(-180)/54?
5
Let b(u) = -u**2 - 3*u + 2. Let t be b(-6). What is the tens digit of 21/(-4)*t/6?
1
Suppose -2*u - 6 = -4*u - 2*f, -u - 4*f + 12 = 0. Suppose u*l = 2*l - 5*q - 47, -4*l = -4*q - 64. What is the tens digit of l?
1
Suppose 726 - 256 = 5*k. What is the tens digit of k?
9
Let g = 8 - 6. Suppose 3*r + g*z = 98, -45 - 38 = -3*r - 5*z. Let p = r + -26. What is the units digit of p?
0
Let l be 12/(-8)*(-1 - -3). What is the tens digit of l/(-2)*(-112)/(-12)?
1
Let t be (-102)/4*(-4)/6. Suppose -2*c + 4*c = 5*o - 27, -3*o = -2*c - t. What is the units digit of 8*(-1 + (1 - c))?
8
Suppose -2 - 7 = -3*o. What is the units digit of (-3)/(o*3/(-27))?
9
Let j(c) = -15*c**3 - 2*c + 2. What is the units digit of j(-2)?
6
Let q = -41 + 70. What is the tens digit of q?
2
Let p(d) = -d - 3. Let i be p(-6). Suppose -n = -i*n + 4. Suppose n*t - 27 = -t. What is the units digit of t?
9
Let u = 4 + 16. What is the tens digit of u?
2
Suppose 0 = 4*v + 4*i - 116, 3*v = -5*i + 4*i + 97. What is the units digit of v?
4
What is the tens digit of (1614/21 - 1) + 2/14?
7
Suppose -3*l + 4*l = -2*h + 169, 527 = 3*l + 2*h. What is the hundreds digit of l?
1
Let i = 3 + 2. What is the units digit of i?
5
Let t = -7 + 13. What is the units digit of t - 3 - -3 - 0?
6
Let n(z) = z**2 - z - 3. Let b be n(-2). What is the units digit of 20*(b/(-2) - -2)?
0
Suppose -2*i + 12 = 2*x + i, 3*x - 18 = 4*i. What is the units digit of x?
6
Let l = -52 - -79. What is the units digit of l?
7
Let k(g) = -g. Let h(q) = q**3 - 4*q**2 + 4*q + 1. Let x(v) = -h(v) - 5*k(v). What is the tens digit of x(3)?
1
Suppose 142 = 7*i - 166. What is the units digit of i?
4
Suppose -2*v = 2*g - 202, -v + 3*g + 79 + 2 = 0. What is the units digit of v?
6
Let o be (-1 - 34/4)*-2. Suppose -4*y - o = 5. What is the units digit of 1 + (-2)/(-2) - y?
8
Let v(a) = -a**3 - 8*a**2 - 7*a - 1. Let l be v(-5). Let t = l + 81. What is the units digit of t/6 - (-5)/15?
7
Suppose -r = j + 9 + 1, 0 = -r + 4*j + 15. Let h = r + 6. What is the units digit of h?
1
Suppose -2*t + 50 = -10. Suppose -t = -2*z + 2*j, 0 = -4*z - 2*j + j + 80. What is the tens digit of z?
1
Let w(a) = a - 3. Let s be w(5). Let o = -3 + 1. What is the units digit of (-1 + o + s)/(-1)?
1
Let j = -74 - -184. What is the tens digit of j?
1
Let w = 20 - 11. Let h = w + -3. Let s(l) = -l**3 + 7*l**2 - 4*l - 7. What is the units digit of s(h)?
5
Suppose 3*v = -1 + 7. What is the tens digit of 400/(-24)*(-3)/v?
2
Suppose -y - 32 = -2*h, -2*y + 49 = 4*h - 7. What is the units digit of h?
5
What is the units digit of (42 - 3/1)*2?
8
Suppose -3*q = 3*f - 66, -2*f - 5*q + 43 = 5. What is the units digit of f?
4
Let h(n) = n**3 - 3*n**2 - 8*n + 6. Let t be h(5). Suppose -2*g - 6 = -j, -5*g = j - 3*j + t. What is the units digit of (-22)/(-8) + g/(-16)?
3
Let w(x) = -x + 2. Let g be w(2). Suppose g = 3*i - 0*i + 54. What is the units digit of i*-2*(-3)/(-9)?
2
Let w = -25 - -4. Let x = 35 + w. What is the tens digit of x?
1
Suppose 2*m + 5*k - 40 - 23 = 0, 120 = 3*m - k. Suppose 3*u - m = -5*l, -2*u = -0*u + 4*l - 26. What is the tens digit of u?
1
Let m = 18 - 27. Let i = m 